 86.
85
What is the remainder when 2731 is divided by 16?
11
What is the remainder when 63 is divided by 10?
3
Calculate the remainder when 786 is divided by 98.
2
What is the remainder when 6157 is divided by 40?
37
What is the remainder when 139 is divided by 41?
16
What is the remainder when 1241 is divided by 23?
22
Calculate the remainder when 146 is divided by 48.
2
What is the remainder when 573 is divided by 41?
40
Calculate the remainder when 1078 is divided by 535.
8
What is the remainder when 4737 is divided by 93?
87
What is the remainder when 544 is divided by 68?
0
Calculate the remainder when 61 is divided by 18.
7
What is the remainder when 269 is divided by 49?
24
Calculate the remainder when 229 is divided by 120.
109
Calculate the remainder when 363 is divided by 2.
1
Calculate the remainder when 122 is divided by 73.
49
What is the remainder when 1506 is divided by 5?
1
What is the remainder when 254 is divided by 67?
53
What is the remainder when 1390 is divided by 118?
92
What is the remainder when 677 is divided by 20?
17
What is the remainder when 1239 is divided by 20?
19
Calculate the remainder when 9278 is divided by 40.
38
Calculate the remainder when 35398 is divided by 300.
298
Calculate the remainder when 2651 is divided by 83.
78
Calculate the remainder when 111 is divided by 54.
3
What is the remainder when 261 is divided by 71?
48
What is the remainder when 522 is divided by 30?
12
What is the remainder when 348 is divided by 22?
18
Calculate the remainder when 16 is divided by 12.
4
Calculate the remainder when 503 is divided by 127.
122
Calculate the remainder when 2761 is divided by 2761.
0
Calculate the remainder when 1308 is divided by 57.
54
What is the remainder when 855 is divided by 287?
281
What is the remainder when 87 is divided by 8?
7
Calculate the remainder when 45 is divided by 9.
0
Calculate the remainder when 127 is divided by 43.
41
What is the remainder when 101 is divided by 20?
1
Calculate the remainder when 1100 is divided by 185.
175
What is the remainder when 534 is divided by 266?
2
What is the remainder when 291 is divided by 38?
25
What is the remainder when 314 is divided by 79?
77
Calculate the remainder when 6600 is divided by 7.
6
What is the remainder when 3292 is divided by 6?
4
What is the remainder when 254 is divided by 80?
14
What is the remainder when 382 is divided by 12?
10
What is the remainder when 756 is divided by 248?
12
Calculate the remainder when 823 is divided by 11.
9
What is the remainder when 226 is divided by 18?
10
Calculate the remainder when 1126 is divided by 22.
4
What is the remainder when 274 is divided by 75?
49
What is the remainder when 10691 is divided by 15?
11
What is the remainder when 115 is divided by 29?
28
Calculate the remainder when 1713 is divided by 12.
9
Calculate the remainder when 200 is divided by 7.
4
Calculate the remainder when 356 is divided by 61.
51
What is the remainder when 335 is divided by 13?
10
Calculate the remainder when 330 is divided by 25.
5
Calculate the remainder when 450 is divided by 38.
32
What is the remainder when 204 is divided by 14?
8
What is the remainder when 161 is divided by 78?
5
Calculate the remainder when 250 is divided by 15.
10
Calculate the remainder when 135 is divided by 30.
15
Calculate the remainder when 767 is divided by 128.
127
What is the remainder when 220 is divided by 7?
3
What is the remainder when 1717 is divided by 253?
199
What is the remainder when 30553 is divided by 21?
19
Calculate the remainder when 4444 is divided by 25.
19
What is the remainder when 213 is divided by 43?
41
Calculate the remainder when 207 is divided by 11.
9
Calculate the remainder when 1939 is divided by 10.
9
What is the remainder when 868 is divided by 30?
28
What is the remainder when 76 is divided by 45?
31
Calculate the remainder when 579 is divided by 297.
282
What is the remainder when 356 is divided by 30?
26
Calculate the remainder when 177 is divided by 61.
55
What is the remainder when 7808 is divided by 12?
8
What is the remainder when 153 is divided by 83?
70
What is the remainder when 284 is divided by 82?
38
What is the remainder when 542 is divided by 62?
46
What is the remainder when 24613 is divided by 136?
133
What is the remainder when 66 is divided by 10?
6
Calculate the remainder when 9327 is divided by 3106.
9
What is the remainder when 7 is divided by 3?
1
Calculate the remainder when 385 is divided by 53.
14
Calculate the remainder when 397 is divided by 26.
7
Calculate the remainder when 394 is divided by 40.
34
What is the remainder when 114 is divided by 40?
34
What is the remainder when 1999 is divided by 100?
99
Calculate the remainder when 143 is divided by 22.
11
What is the remainder when 995 is divided by 58?
9
Calculate the remainder when 538 is divided by 12.
10
Calculate the remainder when 64 is divided by 59.
5
What is the remainder when 125 is divided by 44?
37
What is the remainder when 219 is divided by 26?
11
What is the remainder when 706 is divided by 38?
22
Calculate the remainder when 932 is divided by 85.
82
What is the remainder when 662 is divided by 62?
42
Calculate the remainder when 160 is divided by 44.
28
Calculate the remainder when 1649 is divided by 57.
53
What is the remainder when 25 is divided by 13?
12
Calculate the remainder when 169 is divided by 105.
64
Calculate the remainder when 298 is divided by 124.
50
Calculate the remainder when 4437 is divided by 317.
316
What is the remainder when 3876 is divided by 40?
36
What is the remainder when 187 is divided by 26?
5
Calculate the remainder when 1412 is divided by 14.
12
Calculate the remainder when 196 is divided by 64.
4
Calculate the remainder when 254 is divided by 97.
60
What is the remainder when 1618 is divided by 274?
248
What is the remainder when 985 is divided by 62?
55
What is the remainder when 50758 is divided by 34?
30
What is the remainder when 2686 is divided by 6?
4
Calculate the remainder when 73 is divided by 19.
16
Calculate the remainder when 79499 is divided by 375.
374
Calculate the remainder when 245 is divided by 41.
40
What is the remainder when 382 is divided by 211?
171
Calculate the remainder when 1088 is divided by 7.
3
What is the remainder when 74 is divided by 13?
9
What is the remainder when 53 is divided by 8?
5
What is the remainder when 138 is divided by 73?
65
Calculate the remainder when 265 is divided by 63.
13
What is the remainder when 1116 is divided by 43?
41
Calculate the remainder when 324 is divided by 79.
8
What is the remainder when 98225 is divided by 51?
50
Calculate the remainder when 117 is divided by 70.
47
Calculate the remainder when 194 is divided by 39.
38
What is the remainder when 2578 is divided by 187?
147
What is the remainder when 194 is divided by 39?
38
What is the remainder when 7964 is divided by 59?
58
Calculate the remainder when 26 is divided by 15.
11
Calculate the remainder when 320 is divided by 18.
14
Calculate the remainder when 158 is divided by 77.
4
What is the remainder when 607 is divided by 280?
47
Calculate the remainder when 57 is divided by 26.
5
Calculate the remainder when 411 is divided by 207.
204
Calculate the remainder when 3708 is divided by 53.
51
Calculate the remainder when 60 is divided by 16.
12
Calculate the remainder when 2399 is divided by 48.
47
Calculate the remainder when 54717 is divided by 20.
17
What is the remainder when 165 is divided by 25?
15
Calculate the remainder when 54 is divided by 31.
23
Calculate the remainder when 64 is divided by 11.
9
What is the remainder when 107 is divided by 12?
11
What is the remainder when 427 is divided by 138?
13
Calculate the remainder when 85 is divided by 23.
16
Calculate the remainder when 234 is divided by 80.
74
Calculate the remainder when 1378 is divided by 12.
10
What is the remainder when 925 is divided by 61?
10
What is the remainder when 314 is divided by 164?
150
What is the remainder when 796 is divided by 38?
36
What is the remainder when 91 is divided by 19?
15
What is the remainder when 86 is divided by 23?
17
What is the remainder when 168 is divided by 75?
18
Calculate the remainder when 282 is divided by 57.
54
Calculate the